 3
Let f = 3 - 5. What are the prime factors of ((-4)/(-3))/(f/(-24))?
2
Let n(c) = 2*c + 9. Suppose -w + 1 = 7. Let f be n(w). What are the prime factors of (30/(-20))/(f/4)?
2
Let l be 0*(-3)/9 - -8. Let g(n) = -7*n + 2*n - 3*n + 3 + n**2. List the prime factors of g(l).
3
Suppose -6*q = -q. Suppose 0 = 2*d - 8 + 2. Suppose -d*b - 3 = -g, -5*g = -q*g + b - 63. List the prime factors of g.
2, 3
Let n(m) = -2*m**3 - 36*m**2 + 25*m + 13. List the prime factors of n(-19).
2, 5, 13
Let j be ((-15)/(-6))/(1/14). Suppose -4*z + 9*z = 25, -3*a = z - j. Suppose 5*r = 5*d + a, r + 4*d - d = 2. List the prime factors of r.
2
Suppose u + 3*u = -2*k + 56, 5*u = -5*k + 65. Let r(z) = -2*z + 1. Let g be r(3). Let t = g + u. List the prime factors of t.
2, 5
Suppose 3*i - 85 = -5*a + 8*i, -4*a + 82 = 3*i. Suppose -a*v + 50 = -14*v. What are the prime factors of v?
2, 5
Suppose 0 = -3*w - 21 + 3. Let j = w + 4. Let o(f) = -7*f + 1. What are the prime factors of o(j)?
3, 5
Suppose -1 = -q - l + 3, l = q - 14. What are the prime factors of q?
3
Let p(k) = -k**2 + 5 - 3 - 3 - 6*k**3 + 2*k + 2*k**3. List the prime factors of p(-2).
23
Let p(z) = -z**2 + 7*z - 2. Let i be p(6). Let w(d) = -d**2 + 6*d - 3. What are the prime factors of w(i)?
5
Let m = -2 - -2. Suppose m = 5*u - 6 - 39. Suppose 4*h - 3*h - u = -2*n, -2*n = 0. What are the prime factors of h?
3
Suppose m + 2*m + 6 = 0, 2*m = -3*v - 46. Let n = v + 20. Suppose -2*d - n*k + 28 = -k, -3*d = -5*k - 17. What are the prime factors of d?
3
Let d(q) = q**2 - 2*q + 30. List the prime factors of d(0).
2, 3, 5
Suppose -54 = 5*a - 3*y, 0*a = 2*a + y + 26. Let h = a - -21. What are the prime factors of h?
3
Let x(c) = 183*c + 6. What are the prime factors of x(1)?
3, 7
Suppose 4*c = -2*p + 18, -3*p + 0*p = -9. Suppose -c*a + 3 = -54. List the prime factors of a.
19
Let p(j) = 21*j**2 + 35*j + 9. Let y(a) = 4*a**2 + 7*a + 2. Let o(r) = -2*p(r) + 11*y(r). Let v = 9 - 13. List the prime factors of o(v).
2
Suppose -3*f = 2*f - 40. Suppose 2*m - 2 = -f. List the prime factors of 8 + m + -1*1.
2
Suppose -3*n = 3*y, 2*y + n - 3*n = 0. Suppose y = -3*v + 5*q + 43, -3*q - 37 = -2*v + 2*q. What are the prime factors of v?
2, 3
Let f be 2/((-2)/(-12)*2). Let a = f - -9. List the prime factors of a.
3, 5
Let p = -27 - -9. Suppose -3*i - 4*c - 4 = 0, 3*c = 19 - 4. Let z = i - p. What are the prime factors of z?
2, 5
List the prime factors of ((-882)/12 - 1/(-2))/(-1).
73
Let f = -7 + 8. Let a = 14 - f. List the prime factors of a.
13
Let x(h) = 17*h - 2. What are the prime factors of x(2)?
2
Let i(p) be the second derivative of p**3/2 - 5*p**2/2 - 2*p. What are the prime factors of i(4)?
7
Suppose 4*r = 0, 5*h = h + 5*r + 44. Let f(o) = -o**2 + 6*o + 7. Let c be f(7). Suppose -b + h = -c*b. What are the prime factors of b?
11
Let f(y) = 39*y. List the prime factors of f(1).
3, 13
Let u be 35/3 - (-5)/15. Suppose k = 2*b + 6, 0*k + 2*k + b = u. What are the prime factors of k?
2, 3
List the prime factors of 43/3 + 4 - (-2)/(-6).
2, 3
Suppose -1 + 28 = -f. Let p = f + 57. What are the prime factors of p?
2, 3, 5
Suppose 0 = -3*f + 6 + 387. What are the prime factors of f?
131
Suppose -2*k = -4*k. Let w = -2 - -4. Suppose 0 = -2*v + w*z + 2, k*z + 2*z = -v + 4. What are the prime factors of v?
2
Suppose 3*o - 1 = -2*y, -o + 3 = y - 0*o. Suppose 5*w = 2*w - 18. Let t = w + y. List the prime factors of t.
2
Let k(t) = -t**3 - 6*t**2 + 8*t + 7. Let o be k(-7). Let q = o + 13. What are the prime factors of q?
13
Suppose -4*i + 3177 = 5*i. What are the prime factors of i?
353
Let k(v) = -2*v - 2. Let y be k(4). Let l be 7/2 + 5/y. List the prime factors of l + 4 + -2 + 0.
5
Let m(q) = q + 2. Let i be m(-4). What are the prime factors of ((-33)/6)/(1/i)?
11
Suppose -4 = 2*n - 4*x + 4, -n - 3*x + 11 = 0. Let v = n + 1. Let q = v - -9. List the prime factors of q.
2, 3
Let r(w) = -3*w - 2. Let v(c) = -c**3 - 11*c**2 - 10*c - 3. Let y be v(-10). List the prime factors of r(y).
7
Let l(r) = 352*r**2 + 3*r + 5. List the prime factors of l(-1).
2, 3, 59
Let h = -31 - -51. Suppose h - 52 = -4*d. What are the prime factors of d?
2
Let v(l) = l - 6. Let w be v(8). Let k(g) = -g**w + 12*g + 2*g**2 + 0*g - 3. List the prime factors of k(-13).
2, 5
Let b = -82 + 121. What are the prime factors of b?
3, 13
Suppose 15 = 2*a + 73. Let s = -93 - -44. Let r = a - s. What are the prime factors of r?
2, 5
Let r(b) = 5*b**2 - b. Let w = -6 + 10. Let m = w - 3. What are the prime factors of r(m)?
2
Let x(q) = -q**2 + 8*q + 13. Let o be x(9). Suppose -o*d - 5*k = -51, 0*k - 4*k + 12 = 0. Suppose d*p - 4*p = 15. List the prime factors of p.
3
Let t(g) = -2*g + 3. What are the prime factors of t(0)?
3
Let h = 21 + -9. Suppose i - h = -g, 2*g = i - 0*g - 6. What are the prime factors of i?
2, 5
Suppose 4*m + 0*m = 0. Suppose m = f + 3*f - 28. What are the prime factors of f?
7
Let d be (2 + -14)/2*-4. Suppose m = 3*h + 24, 2*h - d = m - 3*m. List the prime factors of m.
3, 5
Suppose -2*h + 12 = -0. What are the prime factors of h?
2, 3
Let g(h) = -2*h - 1. Let m = 1 - 9. What are the prime factors of g(m)?
3, 5
Let i(t) = 2*t**2 + 11*t. List the prime factors of i(-7).
3, 7
Let j be (-6)/(-4)*(-8)/2. Let g be 1 + 11 - (-5 - -6). Let m = g + j. What are the prime factors of m?
5
Let z(m) = -4*m - 12. Let x be -3 - -2 - 48/6. What are the prime factors of z(x)?
2, 3
Suppose 5*h - 3*h + 10 = 0. Let x be h*(2 - (-156)/(-15)). Suppose -x = -4*u + u. List the prime factors of u.
2, 7
Let y = 0 + -1. Let d(b) = 5*b**2 + b + 2. Let p be d(2). What are the prime factors of y/(3/p*-1)?
2
Suppose -4*u - 56 = -5*u - 2*d, u - 35 = 5*d. What are the prime factors of u?
2, 5
Let z(n) = 7*n - 3. What are the prime factors of z(7)?
2, 23
Suppose -243 = -5*c + 477. What are the prime factors of c?
2, 3
Suppose -k = -59 - 31. List the prime factors of k.
2, 3, 5
Let j(p) = 12*p - 1. Let x be 0 + (24/(-4))/(-2). What are the prime factors of j(x)?
5, 7
Let b(r) = -3*r**3 + 2*r**2 + 2*r + 1. Let x(g) = -g - 1. Let z be x(0). Let c be b(z). Suppose 3 + 21 = c*w. What are the prime factors of w?
2, 3
Let f = 42 + -7. List the prime factors of f.
5, 7
Let u(w) = -w + 4. Let m be u(4). Let c = 13 + m. What are the prime factors of c?
13
Let i(d) = d**2 - 5*d - 9. Suppose m - 7 = -4*x, -x + 9 + 5 = 2*m. Let r be i(m). Suppose 4*t = -k + r, -4*k = 3*t + t + 4. List the prime factors of t.
2
Suppose 4*w + 18 = 9*w + 3*r, 0 = -4*r + 4. Suppose w*x - 10 = 8. What are the prime factors of (x/(-8))/((-1)/12)?
3
Let l(x) = -4*x + 3. Let n be l(-3). Let b = n - 10. What are the prime factors of b?
5
Suppose -4*z = n - 40, 0 = -2*n + 4*z + 134 - 42. Let q = -14 + n. What are the prime factors of q?
2, 3, 5
Let v(x) = -8*x + 31. List the prime factors of v(-10).
3, 37
Let n = -139 + 250. What are the prime factors of n?
3, 37
Let q(z) = z**3 - 6*z**2 - 6*z - 8. Let d be q(7). Let k be 4/((3 - 0) + d). Suppose -o - 1 = -v, v - 2 = k*o - 3. List the prime factors of v.
3
Suppose 3*a - 70 = 95. What are the prime factors of a?
5, 11
Let h = -6 + 10. Suppose -h*z - 7 = -43. List the prime factors of z.
3
Let k(h) = h + 4. Let i(v) = 5. Let r(w) = 3*i(w) - 4*k(w). List the prime factors of r(-4).
3, 5
Suppose -2*m + 4*m - 3*u + 39 = 0, 2*m - u = -29. Let l = 23 + m. List the prime factors of l.
11
Let u(h) be the first derivative of h**6/360 - 7*h**5/120 - h**4/24 + h**3/3 + 4. Let m(w) be the third derivative of u(w). What are the prime factors of m(9)?
17
Let m(x) = x**3 + x**2 - 3*x - 2. Let u be m(4). Suppose 4*w + 1 = -l + 28, -2*l - 2*w = -u. What are the prime factors of l?
5, 7
List the prime factors of 2*7/(56/348).
3, 29
Let i(q) = -89*q - 1. List the prime factors of i(-1).
2, 11
Suppose 2*p + 2*p - r - 89 = 0, 17 = 2*p + 5*r. Suppose m - f = p, -m + 5*f = -5*m + 111. List the prime factors of m.
2, 3
Let c = -220 + 332. List the prime factors of c/(-2)*1/(-2).
2, 7
Suppose 0*a = -2*a. Let b be 1 + -3 + a + 8. List the prime factors of 5 - b/(-3)*1.
7
Let a(i) = -2*i**2 + 4*i + 1. Let h be a(-3). Let u(y) = y**3 + 3*y**2 - 3. Let s be u(-4). Let b = s - h. List the prime factors of b.
2, 5
Let r(g) = -g**2 + 12*g - 22. What are the prime factors of r(9)?
5
Let k(x) = -11*x + 12. Let